 3 - v. Let z = h + -9. What are the prime factors of z?
2
Let u = -38 - -75. What are the prime factors of u?
37
Suppose 0 = -4*d - 0*d + 76. What are the prime factors of d?
19
Suppose -118 = -3*f - 0*n + n, -2*n = -3*f + 113. What are the prime factors of f?
41
Let k be 2/(-8) - 186/(-8). Suppose -5*i = -4*q + 45, -i + 3*q + 3 = k. What are the prime factors of 21 + ((-2)/1 - i)?
2, 3
Let z(c) be the third derivative of -c**6/120 - 2*c**5/15 - 5*c**4/12 - 2*c**3/3 - 6*c**2. What are the prime factors of z(-7)?
17
Suppose 0 = 5*w + 2*u - 551, -3*u + 336 = -2*w + 5*w. What are the prime factors of w?
109
Let q = 36 - 7. List the prime factors of q.
29
Let p(x) be the third derivative of -x**5/60 + 3*x**4/8 + x**3/2 - 3*x**2. Let d be 33/4 + 2/(-8). What are the prime factors of p(d)?
11
Suppose 2*n = n - 54. Let u = -27 - n. What are the prime factors of u?
3
Suppose 0 = -s + 6*s - 20. Let x be (s/6)/((-4)/(-18)). Suppose 4*d = 3*c + 25, -x*c + c = -4*d + 26. What are the prime factors of d?
7
Let b(g) = -4*g**2 + 1. Let i be b(-2). What are the prime factors of i/(-9) + (-1)/(-3)?
2
Suppose -433 = -6*g + 113. List the prime factors of g.
7, 13
Let d be 0*(-3)/((-9)/(-3)). Suppose w - 13 = -d*w. List the prime factors of w.
13
Let g(w) = w**3 + 7*w**2 - 2*w - 10. Let b be g(-7). Suppose -3*r = -5*m + 206 + 21, 0 = m - b*r - 59. What are the prime factors of m?
43
List the prime factors of ((-2)/9*-3)/((-14)/(-1827)).
3, 29
Suppose 0*d = 5*d. Suppose 0 = -m - 4*m. Suppose m = 5*w - 5*r - 30, d = -w + 2*w + 2*r - 18. What are the prime factors of w?
2, 5
Let z(b) = -b**2 + 11*b + 16. Let f be z(12). Suppose w - 5*h = 44, -w - 3*h = -f*w + 108. What are the prime factors of w?
2, 17
Suppose 0*b + b + 2 = -3*i, i = -5*b + 60. Suppose -q + b = -12. What are the prime factors of q?
5
Let i(j) = j**3 + 3*j**2 + j + 1. Suppose -4*z = -3*o + 17, -z + 0*o = o - 1. Let s be i(z). Suppose 6*w - 24 = s*w. What are the prime factors of w?
2
Let v(p) = 0*p - 2*p**3 + 2*p**2 + 0*p - 3*p**3 - 1. List the prime factors of v(-1).
2, 3
Suppose 5 = -2*q + 7. Let l = 11 + q. List the prime factors of l.
2, 3
Suppose -16 = o + 3*o. Let y(s) = 3*s**2 + 5*s - 3. List the prime factors of y(o).
5
What are the prime factors of 8/6*(-27)/(-12)?
3
Suppose 0 = 6*s - 9*s + 93. What are the prime factors of s?
31
Suppose -v + 4*k = -42, 0 = -3*v + 5*v + 5*k - 84. What are the prime factors of v?
2, 3, 7
Suppose 4*m - 3*s - 6 = -0*m, 5*m = 5*s + 5. Suppose -x = -2 - m. List the prime factors of x.
5
Let m = -295 - -664. List the prime factors of m.
3, 41
Suppose -82 = 2*p - 610. List the prime factors of p.
2, 3, 11
Let i be 3*(4/3 - -2). Suppose 2*h + i = -2*f - 2*h, 15 = 2*f - h. Suppose -5*t + 6 = -2*s - 2*s, 0 = -f*s + 5. List the prime factors of t.
2
What are the prime factors of 6/4 + 69/2?
2, 3
Let m = 36 - 20. Suppose -4*q = h + m, -2*q = -5*q - 4*h - 12. List the prime factors of 136/14 - q/14.
2, 5
Suppose -f - 4*f + 270 = 5*p, -p - 2*f + 59 = 0. Let g = -26 + p. What are the prime factors of g?
23
Suppose 0 = -5*a - 27 + 87. List the prime factors of 2/a - (-159)/18.
3
Suppose 0 = c + 3 - 6. Let k(z) = z - c*z + z. What are the prime factors of k(-3)?
3
Let p = -146 + 216. What are the prime factors of p?
2, 5, 7
Suppose -4 = -i, 3*i + 0*i = 3*b - 246. List the prime factors of b.
2, 43
Suppose -5*o + 45 = k, -3*k + k = -3*o + 27. Let p = -7 + o. Suppose u = p*x + x - 12, x = 2*u - 1. What are the prime factors of x?
5
Suppose -4*m = -5*m + 3. Let i(s) = 3*s + 1. Let x be i(m). Suppose -5*v + x = -40. List the prime factors of v.
2, 5
Let t = -14 - -28. Let m = -37 + 44. What are the prime factors of 52/t - (-2)/m?
2
Let m = 4 + -11. Let a be (0 + m)/((-6)/18). Suppose 3*f - a = -3*y, 0 = -y - y + 3*f + 14. List the prime factors of y.
7
What are the prime factors of 7*12/(-70)*-5?
2, 3
Suppose 5*n - 22 = -7. Suppose 6*y - 2*h = 3*y + 61, 3*y + n*h = 36. List the prime factors of y.
17
Suppose 3*f - 29 = -4*v, 7 + 12 = 3*f + 2*v. Let d(h) = -15*h**3 - 1 - h**2 - h - 10*h**3 + 4*h**f + 0*h**2. What are the prime factors of d(-1)?
2, 5
Suppose -5*g = -3*g - 4. Let d = 121 - 49. Suppose 5*a - 65 = 5*v, 3*a + 2*v - d = -g*a. What are the prime factors of a?
2, 7
Let w be 1/((-3)/(-33)) + -2. Let s(p) = -w - 3*p + 6 - 7*p. What are the prime factors of s(-2)?
17
Let w(o) = -o**2 + 6*o - 1. Suppose 33 = 5*p + 8. What are the prime factors of w(p)?
2
Let q(d) = d**3 - 9*d**2 - 28*d + 16. List the prime factors of q(12).
2, 7
Let q = 66 + 82. What are the prime factors of q?
2, 37
Suppose -2*o = 2*m + 10, -2*o + 5 = 3*m - 6*m. List the prime factors of (45/6)/(m/(-6)).
3, 5
Let q be (2*9 - 1) + 1. Let z be 4/(-18) + 652/q. Suppose 4*y + 0*y + 4*w - z = 0, -5*w + 35 = 3*y. What are the prime factors of y?
5
Let t(d) = d + 3. Let s be t(4). Suppose 5*h - 6*h + s = 0. List the prime factors of h.
7
List the prime factors of ((-1)/(-2))/((-9)/(-2268)).
2, 3, 7
Suppose 4*d - 2*d = 18. Suppose -30 - 1 = -3*b - 5*y, -b - y = -d. Let x = 12 - b. What are the prime factors of x?
5
Let q be 2/9 + (-150)/(-54). Let c = 1 + q. What are the prime factors of c?
2
Suppose 8 = 2*o + a - 0*a, 2*o = 5*a - 16. Suppose o*m - 110 = -3*m. What are the prime factors of m?
2, 11
Suppose -k = -2*l + 12 + 25, l + 5*k = 24. What are the prime factors of l?
19
Let d(b) = 5*b**3 - 4*b - 1. What are the prime factors of d(3)?
2, 61
Let g(n) = -n**3 - 6*n**2 + 9*n + 7. Let p be g(-7). Let s(x) = -x**2 - 10*x - 2. What are the prime factors of s(p)?
19
Let l = 8 + -6. Suppose -4*h = l*o - 1 - 5, 0 = 4*h + o - 7. Suppose h*d + 52 = 6*d. What are the prime factors of d?
13
Let m(y) = y**2 - 7*y - 6. Let p be m(8). What are the prime factors of (76/(-8))/(p/(-4))?
19
Suppose d - 6*d = 0. Let i be -1*(d + -1 - 4). Suppose -5*m = -i*z + 3*z + 30, 4*z - 4*m = 48. What are the prime factors of z?
2, 5
Let w(s) = -5*s**2 - 3*s + 0*s**2 + 10 + 4*s**2 - 3*s. List the prime factors of w(-7).
3
Suppose 5*m + 5*n = 3*m + 19, 0 = 3*m + 4*n - 18. Let x(a) = 5*a + 6. Let c be x(-3). List the prime factors of (-2 - c) + (4 - m).
3
Suppose -3*d = -2*d - 1. Let l(o) = 16*o**2 - o + 1. Let g be l(d). Suppose g = 3*a - a. What are the prime factors of a?
2
Let b(w) = -2*w**2 + 2*w. Let t be b(2). Let d(a) = a**3 + 7*a**2 + 4*a + 1. Let m be d(t). Suppose -k - 2*k = -m. List the prime factors of k.
11
Let j be -2 + -1 + 1 + -1. Let x(c) = 2*c - c**3 + 2*c**2 - 2 - 4*c**2 + 5. What are the prime factors of x(j)?
2, 3
Suppose -1 = -3*m + 5. Suppose 16 = -5*u - 9, m*i + 1 = -u. Suppose 3*r = i*r + 12. List the prime factors of r.
2, 3
Suppose y + 0*u = 2*u + 50, -5*u = -3*y + 151. List the prime factors of y.
2, 13
Suppose -2*t + 13 - 3 = 0. Suppose -3*l - t*o + 3*o = -41, 4*l = 3*o + 66. What are the prime factors of l?
3, 5
Suppose 10 = 3*n + 2*n. Suppose -3*q + 11 = n. Let b = 9 - q. What are the prime factors of b?
2, 3
Suppose 9 = -3*o - 0. List the prime factors of (32/12)/((-1)/o).
2
Let i = 126 + 35. What are the prime factors of i?
7, 23
Let h be (-120)/6*8/(-10). What are the prime factors of ((-2)/1)/(h/(-344))?
43
Suppose -5*o + 3*l = l + 45, 4*o - 4*l = -36. Let i(n) = n**2 - 7*n + 2. Let p be i(6). Let u = p - o. What are the prime factors of u?
5
Suppose -597 = -6*j + 3*j. List the prime factors of j.
199
Let x(t) = t**2 + 6*t + 12. Let j be x(-8). Suppose -4*q = -20 - j. List the prime factors of q.
2, 3
Let q(c) = -4*c + 3 - 4*c + 2*c + 3*c**2 + c. List the prime factors of q(3).
3, 5
Let g(f) = -2*f + 1. Let n = 10 - 21. Let i = 7 + n. What are the prime factors of g(i)?
3
Suppose -r - 14 = -4*y, 5*r - r - y = 4. List the prime factors of r.
2
Suppose 4*l + 6*x - 3*x = 12, -l = 2*x - 8. Let j be 4 - (1 - (l - -1)). Suppose -b = -j*t + 1, 59 = 3*b + 2*t - 8. What are the prime factors of b?
19
Let f be (12/9)/((-1)/(-3)). Suppose 0 = 2*g - 2 - 2. What are the prime factors of (g - 0)/(f/18)?
3
Let q(n) = -n**3 + n**2 + 6*n + 1. List the prime factors of q(-4).
3, 19
Let o = -75 - -139. What are the prime factors of o?
2
Let n be ((-8)/(-3))/((-3)/9). List the prime factors of n/(-36) + 374/18.
3, 7
Let f(x) = x**2 + x + 6. Suppose -4*p = -6*p - 12. Let m(q) = -q**2 - 6. Let t(k) = p*m(k) - 5*f(k). What ar